omposite number?
True
Is 119942831 a composite number?
True
Is 301391939 composite?
False
Is 3654673531 a composite number?
True
Is 32963336429 a prime number?
False
Is 2796181301 prime?
False
Is 5597794963 a prime number?
False
Is 7121224717 composite?
True
Is 208042321 composite?
False
Is 85552907 prime?
False
Is 543183241 a prime number?
True
Is 6492554209 prime?
False
Is 2422649783 a prime number?
False
Is 119158283 a prime number?
True
Is 28438673093 composite?
True
Is 250047647 prime?
True
Is 5221755271 a prime number?
True
Is 1740334411 prime?
True
Is 8832124507 prime?
True
Is 92628068033 composite?
False
Is 33955394351 composite?
False
Is 308588537 a prime number?
False
Is 16327796143 a composite number?
False
Is 10484435141 a composite number?
False
Is 7676133473 a prime number?
True
Is 1373309923 prime?
True
Is 100189157 a composite number?
True
Is 57296339557 prime?
True
Is 65065414 a composite number?
True
Is 1340044859 a prime number?
False
Is 143014715087 composite?
False
Is 5079864649 a prime number?
True
Is 10592953741 prime?
False
Is 1590087379 prime?
False
Is 161625750553 a composite number?
False
Is 100584930137 a prime number?
True
Is 275013469 composite?
False
Is 431980001 prime?
True
Is 66936543151 a prime number?
False
Is 33163639 prime?
True
Is 1330084761 prime?
False
Is 80442439967 a composite number?
True
Is 150619087 a prime number?
True
Is 2714521181 a composite number?
False
Is 1113260017 a composite number?
True
Is 2802674639 a prime number?
True
Is 4295713222 composite?
True
Is 5130164207 prime?
False
Is 147083459 composite?
True
Is 65284126799 prime?
True
Is 36594629 prime?
True
Is 14730174779 prime?
True
Is 209145816695 prime?
False
Is 7495895123 a prime number?
False
Is 4726300421 composite?
False
Is 94405522243 a composite number?
True
Is 5730193991 prime?
False
Is 5602216169 a composite number?
True
Is 295545023 a composite number?
False
Is 789627547 a prime number?
True
Is 2372226965 composite?
True
Is 414340310467 prime?
True
Is 226099987 a composite number?
True
Is 556533161 a prime number?
False
Is 527904761 composite?
False
Is 91546849 a prime number?
False
Is 2556159923 a prime number?
False
Is 5613952627 a prime number?
True
Is 205668823 prime?
True
Is 19150698331 a prime number?
True
Is 543926687 a prime number?
False
Is 3093000413 a composite number?
True
Is 24783630031 a prime number?
True
Is 56816341027 composite?
False
Is 59221657 composite?
True
Is 1924396907 a composite number?
True
Is 2473749833 composite?
False
Is 1404368458 composite?
True
Is 2834375809 a composite number?
True
Is 3262579897 a composite number?
False
Is 789008377 prime?
True
Is 5528445851 a prime number?
False
Is 646587871 prime?
True
Is 2335999871 a composite number?
True
Is 1619376313 prime?
False
Is 753209593 a composite number?
True
Is 45440575429 a composite number?
True
Is 47934837229 prime?
True
Is 15536846462 a prime number?
False
Is 8964462473 a prime number?
True
Is 421584409 composite?
False
Is 14134606877 prime?
False
Is 3873057587 a composite number?
True
Is 14735591261 a prime number?
True
Is 15352917647 a prime number?
False
Is 222973598579 composite?
True
Is 2931379847 a composite number?
True
Is 2178992477 a composite number?
True
Is 5024710969 composite?
True
Is 415854199 a prime number?
True
Is 3044502077 a composite number?
False
Is 51271733101 composite?
True
Is 345067939 composite?
True
Is 9379420133 composite?
False
Is 1910898329 composite?
True
Is 2410806715 prime?
False
Is 14713242749 prime?
False
Is 242848387 a prime number?
False
Is 9644119867 composite?
False
Is 1949009239 prime?
True
Is 30028180207 a composite number?
False
Is 2597986423 composite?
True
Is 4282547207 a composite number?
False
Is 673356869 a prime number?
False
Is 86837184418 a prime number?
False
Is 28555559807 a composite number?
True
Is 8458921729 composite?
False
Is 26017914337 composite?
True
Is 450825827 a prime number?
True
Is 4454940443 composite?
False
Is 4286276129 prime?
True
Is 24856264847 a composite number?
True
Is 95513111 a prime number?
False
Is 982461091 prime?
False
Is 9406991173 composite?
False
Is 719384966 prime?
False
Is 26550545309 prime?
True
Is 70988395 a composite number?
True
Is 3603676367 prime?
True
Is 33251488307 a prime number?
False
Is 198441653 a composite number?
True
Is 1109633203 a prime number?
False
Is 626543213 a composite number?
False
Is 6236529347 composite?
True
Is 3913829698 prime?
False
Is 513067927 a composite number?
False
Is 1340078897 prime?
True
Is 131874313 a prime number?
False
Is 2001430121 a prime number?
False
Is 4331971417 a composite number?
True
Is 843662327 a prime number?
False
Is 111661409107 composite?
True
Is 18124629451 a composite number?
True
Is 85765522749 composite?
True
Is 4516827583 composite?
False
Is 1540510214 composite?
True
Is 1813625761 prime?
False
Is 5344955807 composite?
False
Is 6119451769 composite?
True
Is 4610821421 a composite number?
False
Is 177111647 prime?
True
Is 4771372723 a prime number?
False
Is 1053063257 prime?
False
Is 5736551101 composite?
True
Is 65266470851 composite?
False
Is 345328349 composite?
False
Is 5208082813 composite?
False
Is 50071957 prime?
False
Is 18776941 a prime number?
True
Is 11682855053 a prime number?
True
Is 112182169 a composite number?
True
Is 1207097833 a composite number?
True
Is 16452012211 a composite number?
True
Is 8439141619 composite?
False
Is 15535676111 composite?
True
Is 6920301767 a prime number?
True
Is 23854393027 a prime number?
False
Is 1360348657 a prime number?
True
Is 137967561601 prime?
False
Is 5617625467 a prime number?
False
Is 86937600621 prime?
False
Is 18991347311 prime?
False
Is 1375547021 composite?
False
Is 840364963 prime?
True
Is 8054945293 composite?
False
Is 14405220239 a composite number?
True
Is 10624297 prime?
True
Is 589486531 composite?
False
Is 352594717 a composite number?
False
Is 200839687 prime?
False
Is 2360849521 composite?
False
Is 2641681129 a prime number?
False
Is 874460527 prime?
False
Is 200162531 a prime number?
True
Is 91156369 a composite number?
False
Is 769794653 composite?
True
Is 2133427173 a composite number?
True
Is 1332932959 a prime number?
True
Is 2845298783 prime?
True
Is 1146056971 a prime number?
False
Is 2166600349 a prime number?
True
Is 4027976961 prime?
False
Is 2446617262 a prime number?
False
Is 176554647697 prime?
True
Is 87669586987 prime?
True
Is 5582331697 composite?
True
Is 4586201693 prime?
True
Is 894719277499 prime?
True
Is 3862682513 a prime number?
True
Is 51909153953 prime?
False
Is 2226219977 prime?
True
Is 361324027 a composite number?
False
Is 317349163 a composite number?
False
Is 95219959427 a composite number?
False
Is 93117674821 composite?
False
Is 129151176173 a composite number?
True
Is 3375679799 composite?
True
Is 2135220233 a composite number?
False
Is 1305313153 composite?
False
Is 72793559 a composite number?
False
Is 3567080905 a prime number?
False
Is 806902933 a composite number?
True
Is 1248443459 a composite number?
False
Is 151584029 a composite number?
False
Is 1075859717 composite?
False
Is 8415074879 composite?
True
Is 2122680181 composite?
False
Is 142645687 prime?
True
Is 4988220539 composite?
False
Is 18616052201 composite?
False
Is 181227815345 prime?
False
Is 543398578081 prime?
True
Is 984586037 a prime number?
True
Is 6104523673 composite?
True
Is 112903218619 composite?
True
Is 13562612537 a prime number?
False
Is 11433605107 a composite number?
False
Is 103079497291 a prime number?
True
Is 1295857609 prime?
False
Is 490421003 a composite number?
False
Is 185783329 prime?
True
Is 13780552691 prime?
True
Is 2644583233 prime?
True
Is 72806212729 composite?
False
Is 1228414459 a prime number?
True
Is 57350667791 a prime number?
True
Is 922329313 a composite number?
True
Is 1958982713 prime?
True
Is 4498425223 composite?
False
Is 462646157 a composite number?
False
Is 21686715751 a composite number?
False
Is 1409331687 a composite number?
True
Is 18435385483 a prime number?
True
Is 14414961817 composite?
False
Is 842825623 a prime number?
False
Is 81398489581 a prime number?
True
Is 297673879 a prime number?
True
Is 6992243 a composite number?
True
Is 2679599919 a prime number?
False
Is 4683801229